ctors of 93317414?
2, 46658707
List the prime factors of 92508830.
2, 5, 9250883
List the prime factors of 377872814.
2, 11, 17176037
List the prime factors of 98472652.
2, 41, 59, 10177
What are the prime factors of 1584829591?
67, 349, 67777
What are the prime factors of 1237208524?
2, 17, 59, 113, 2729
What are the prime factors of 98942650?
2, 5, 1978853
List the prime factors of 111891665.
5, 19, 23, 41, 1249
What are the prime factors of 44327048?
2, 223, 24847
List the prime factors of 68329445.
5, 13665889
What are the prime factors of 28879496?
2, 821, 4397
List the prime factors of 114145422.
2, 3, 47, 71, 5701
What are the prime factors of 126017946?
2, 3, 1021, 6857
What are the prime factors of 501156581?
3643, 137567
What are the prime factors of 2050011262?
2, 13, 61, 1292567
What are the prime factors of 756196652?
2, 17, 2543, 4373
What are the prime factors of 51971335?
5, 13, 29, 79, 349
What are the prime factors of 7050671?
31, 79, 2879
List the prime factors of 568049144.
2, 13, 47, 251, 463
List the prime factors of 4757439451.
19207, 247693
What are the prime factors of 75630201?
3, 25210067
List the prime factors of 839308110.
2, 3, 5, 1231, 22727
List the prime factors of 1113723134.
2, 29, 43, 446561
List the prime factors of 148935729.
3, 313, 158611
What are the prime factors of 1247789582?
2, 13, 47991907
List the prime factors of 70093057.
17, 4123121
List the prime factors of 1186324821.
3, 11, 17, 37, 19051
What are the prime factors of 83363954?
2, 17, 2451881
List the prime factors of 21879281.
41, 533641
List the prime factors of 3771800403.
3, 7, 179609543
What are the prime factors of 32910596?
2, 8227649
List the prime factors of 1143894137.
41, 27899857
List the prime factors of 5531278603.
5531278603
What are the prime factors of 8232450?
2, 3, 5, 71, 773
List the prime factors of 54529365.
3, 5, 11, 563, 587
List the prime factors of 2345925401.
1487, 1577623
List the prime factors of 1751812614.
2, 3, 1451, 67073
What are the prime factors of 199768967?
199768967
List the prime factors of 242325846.
2, 3, 7, 1923221
What are the prime factors of 2342521875?
3, 5, 19, 13151
What are the prime factors of 689371410?
2, 3, 5, 7, 13, 23, 10979
What are the prime factors of 462025438?
2, 7, 37, 241, 3701
What are the prime factors of 3657160710?
2, 3, 5, 7, 29, 47, 4259
List the prime factors of 123183736.
2, 13, 1184459
What are the prime factors of 5385221226?
2, 3, 7, 11, 185021
List the prime factors of 53382879.
3, 11, 151, 3571
What are the prime factors of 22678239?
3, 199, 37987
List the prime factors of 51676301.
51676301
What are the prime factors of 40955892?
2, 3, 37, 92243
List the prime factors of 26998039.
26998039
List the prime factors of 12315608.
2, 1539451
What are the prime factors of 2382286?
2, 43, 27701
List the prime factors of 5942434169.
7, 23, 113, 326633
List the prime factors of 399554912.
2, 12486091
List the prime factors of 2665981542.
2, 3, 7, 19, 29, 115201
List the prime factors of 1658270511.
3, 184252279
List the prime factors of 108696019.
108696019
List the prime factors of 1090888472.
2, 136361059
List the prime factors of 5075686794.
2, 3, 845947799
List the prime factors of 56958449.
17, 1181, 2837
What are the prime factors of 86626699?
193, 448843
What are the prime factors of 459367008?
2, 3, 67, 71419
List the prime factors of 75454227.
3, 41, 68161
What are the prime factors of 39427083?
3, 23, 79, 2411
What are the prime factors of 820905809?
17, 2837, 17021
List the prime factors of 44887609.
13, 3452893
What are the prime factors of 1775424807?
3, 13, 43, 359, 983
List the prime factors of 630572300.
2, 5, 71, 88813
List the prime factors of 114044826.
2, 3, 7, 2715353
What are the prime factors of 2061161484?
2, 3, 43, 3994499
List the prime factors of 3006293170.
2, 5, 13337, 22541
What are the prime factors of 927647?
7, 89, 1489
What are the prime factors of 35677821?
3, 2557, 4651
List the prime factors of 740471747.
1567, 472541
List the prime factors of 3857936414.
2, 449, 1447, 2969
What are the prime factors of 2369071098?
2, 3, 281, 156127
List the prime factors of 123695251.
61, 227, 8933
List the prime factors of 1334398056.
2, 3, 47, 109, 10853
What are the prime factors of 535193578?
2, 23, 11634643
List the prime factors of 137918321.
19, 197, 36847
List the prime factors of 82904469.
3, 27634823
What are the prime factors of 140307600?
2, 3, 5, 116923
List the prime factors of 924186397.
139, 6648823
List the prime factors of 79300390.
2, 5, 13, 743, 821
What are the prime factors of 1108365476?
2, 277091369
What are the prime factors of 5596100945?
5, 1119220189
What are the prime factors of 35247320?
2, 5, 73, 12071
List the prime factors of 116358956.
2, 7, 53, 89, 881
List the prime factors of 2641966067.
13, 203228159
List the prime factors of 1350803749.
131, 2371, 4349
What are the prime factors of 2147693841?
3, 238632649
What are the prime factors of 4235952907?
431, 9828197
List the prime factors of 65947610.
2, 5, 6594761
List the prime factors of 45210146.
2, 47, 480959
List the prime factors of 900305296.
2, 11, 5115371
What are the prime factors of 20331298?
2, 13, 781973
List the prime factors of 9624483.
3, 11, 67, 1451
What are the prime factors of 795494070?
2, 3, 5, 7, 29, 43541
List the prime factors of 1121082534.
2, 3, 11, 13, 435541
What are the prime factors of 653705093?
47, 13908619
What are the prime factors of 114115644?
2, 3, 73, 173, 251
What are the prime factors of 25390334?
2, 223, 56929
List the prime factors of 218238153.
3, 7, 53, 196081
List the prime factors of 571236214.
2, 47, 6076981
List the prime factors of 41979860.
2, 5, 13, 161461
List the prime factors of 11734567.
13, 902659
What are the prime factors of 151530940?
2, 5, 11, 688777
List the prime factors of 530386380.
2, 3, 5, 109133
List the prime factors of 187187531.
10909, 17159
What are the prime factors of 15060957?
3, 53, 94723
What are the prime factors of 765318892?
2, 13, 14717671
What are the prime factors of 13003468?
2, 227, 14321
List the prime factors of 7352389192.
2, 659, 743, 1877
What are the prime factors of 1308828935?
5, 37, 1531, 4621
List the prime factors of 39020245.
5, 11, 547, 1297
What are the prime factors of 94905817?
19, 262897
What are the prime factors of 44698245?
3, 5, 1109, 2687
What are the prime factors of 75550320?
2, 3, 5, 89, 131
What are the prime factors of 20165228?
2, 53, 73, 1303
List the prime factors of 11556709.
11556709
What are the prime factors of 62792935?
5, 41, 157, 1951
List the prime factors of 1166104427.
1166104427
What are the prime factors of 109728184?
2, 509, 26947
What are the prime factors of 4835955393?
3, 19901051
List the prime factors of 263756885.
5, 7, 29, 53, 4903
What are the prime factors of 4868273152?
2, 29, 5653
List the prime factors of 81048347.
739, 109673
What are the prime factors of 19532903?
13, 211, 7121
What are the prime factors of 392243464?
2, 739, 66347
What are the prime factors of 78888430?
2, 5, 7888843
What are the prime factors of 70694001?
3, 7, 277, 4051
List the prime factors of 150609918.
2, 3, 25101653
List the prime factors of 2812678971.
3, 5521, 169817
List the prime factors of 1305946862.
2, 11, 59361221
What are the prime factors of 2909059?
2909059
What are the prime factors of 64215961?
64215961
What are the prime factors of 413474009?
13, 31805693
What are the prime factors of 2718829570?
2, 5, 11519, 23603
What are the prime factors of 866270391?
3, 7, 59, 699169
What are the prime factors of 375239595?
3, 5, 23, 173, 6287
What are the prime factors of 37306829?
7, 5329547
What are the prime factors of 80167129?
7, 211, 54277
List the prime factors of 3561118.
2, 11, 161869
List the prime factors of 202056503.
11, 3881, 4733
List the prime factors of 304945903.
293, 1040771
What are the prime factors of 2568925586?
2, 1741, 737773
List the prime factors of 5886910856.
2, 227, 241, 13451
List the prime factors of 25421527.
191, 133097
What are the prime factors of 119388036?
2, 3, 367, 27109
What are the prime factors of 468736277?
468736277
List the prime factors of 4074456390.
2, 3, 5, 433, 313661
List the prime factors of 4245151